te the remainder when 36100 is divided by 2242.
228
What is the remainder when 14349 is divided by 14349?
0
Calculate the remainder when 16510 is divided by 209.
208
Calculate the remainder when 394995 is divided by 83.
81
Calculate the remainder when 733 is divided by 32.
29
What is the remainder when 43775 is divided by 767?
56
What is the remainder when 33682 is divided by 103?
1
Calculate the remainder when 6663 is divided by 63.
48
Calculate the remainder when 770181 is divided by 697.
693
Calculate the remainder when 4651 is divided by 289.
27
What is the remainder when 87819 is divided by 53?
51
Calculate the remainder when 77 is divided by 63.
14
What is the remainder when 3791 is divided by 315?
11
Calculate the remainder when 44019 is divided by 238.
227
Calculate the remainder when 1066506 is divided by 88874.
18
What is the remainder when 44657 is divided by 24?
17
Calculate the remainder when 181060 is divided by 60348.
16
What is the remainder when 4467448 is divided by 50?
48
What is the remainder when 34558 is divided by 576?
574
What is the remainder when 3653 is divided by 78?
65
Calculate the remainder when 134473 is divided by 156.
1
Calculate the remainder when 3925 is divided by 830.
605
What is the remainder when 1114487 is divided by 1769?
17
What is the remainder when 55192 is divided by 665?
662
Calculate the remainder when 7219 is divided by 107.
50
Calculate the remainder when 6551 is divided by 3216.
119
Calculate the remainder when 9408 is divided by 2351.
4
What is the remainder when 10247 is divided by 121?
83
What is the remainder when 1078481 is divided by 98?
89
What is the remainder when 84572 is divided by 25?
22
Calculate the remainder when 66125 is divided by 66117.
8
Calculate the remainder when 29141 is divided by 729.
710
Calculate the remainder when 1172 is divided by 484.
204
What is the remainder when 15691 is divided by 41?
29
What is the remainder when 538466 is divided by 751?
750
Calculate the remainder when 204154 is divided by 95.
94
What is the remainder when 365192 is divided by 182563?
66
Calculate the remainder when 41368 is divided by 80.
8
What is the remainder when 9559 is divided by 148?
87
Calculate the remainder when 202673 is divided by 2502.
11
Calculate the remainder when 63433 is divided by 12684.
13
Calculate the remainder when 352 is divided by 5.
2
Calculate the remainder when 66574 is divided by 114.
112
What is the remainder when 186315 is divided by 3450?
15
Calculate the remainder when 1042671 is divided by 36.
3
Calculate the remainder when 112926 is divided by 32.
30
Calculate the remainder when 814961 is divided by 378.
371
Calculate the remainder when 3201 is divided by 57.
9
Calculate the remainder when 190717 is divided by 298.
295
What is the remainder when 3286 is divided by 3155?
131
What is the remainder when 651 is divided by 158?
19
Calculate the remainder when 9976 is divided by 9963.
13
What is the remainder when 1316891 is divided by 5510?
1
What is the remainder when 2630126 is divided by 375730?
16
Calculate the remainder when 1369249 is divided by 338.
11
What is the remainder when 223161 is divided by 57?
6
Calculate the remainder when 4747 is divided by 40.
27
Calculate the remainder when 24072 is divided by 11.
4
What is the remainder when 26245 is divided by 21?
16
What is the remainder when 5546 is divided by 358?
176
What is the remainder when 203810 is divided by 603?
599
Calculate the remainder when 229905 is divided by 46.
43
Calculate the remainder when 6946 is divided by 868.
2
Calculate the remainder when 73274 is divided by 16.
10
Calculate the remainder when 2997 is divided by 307.
234
What is the remainder when 60988 is divided by 109?
57
Calculate the remainder when 62635 is divided by 704.
683
Calculate the remainder when 1137 is divided by 135.
57
What is the remainder when 768 is divided by 200?
168
What is the remainder when 755 is divided by 78?
53
What is the remainder when 243735 is divided by 9374?
11
What is the remainder when 427114 is divided by 1419?
1414
What is the remainder when 52512 is divided by 52505?
7
Calculate the remainder when 16906 is divided by 985.
161
Calculate the remainder when 20390 is divided by 434.
426
Calculate the remainder when 3129779 is divided by 1437.
1430
Calculate the remainder when 25994 is divided by 113.
4
Calculate the remainder when 133484 is divided by 66717.
50
What is the remainder when 45213 is divided by 9036?
33
What is the remainder when 4622 is divided by 75?
47
What is the remainder when 37615 is divided by 44?
39
What is the remainder when 1178303 is divided by 794?
7
Calculate the remainder when 556914 is divided by 29.
27
What is the remainder when 42607 is divided by 1291?
4
Calculate the remainder when 4731 is divided by 591.
3
Calculate the remainder when 9915 is divided by 174.
171
What is the remainder when 9304 is divided by 179?
175
What is the remainder when 191 is divided by 182?
9
Calculate the remainder when 58670 is divided by 278.
12
Calculate the remainder when 8813 is divided by 1537.
1128
Calculate the remainder when 1610 is divided by 1133.
477
Calculate the remainder when 6348 is divided by 29.
26
Calculate the remainder when 694045 is divided by 22.
11
Calculate the remainder when 47799 is divided by 76.
71
What is the remainder when 16064 is divided by 19?
9
Calculate the remainder when 5299 is divided by 717.
280
What is the remainder when 2136 is divided by 266?
8
What is the remainder when 1442311 is divided by 25?
11
Calculate the remainder when 252963 is divided by 36.
27
What is the remainder when 19980 is divided by 909?
891
What is the remainder when 33297 is divided by 370?
367
What is the remainder when 1724 is divided by 1477?
247
Calculate the remainder when 3586 is divided by 1098.
292
Calculate the remainder when 77172 is divided by 52.
4
Calculate the remainder when 4019 is divided by 730.
369
What is the remainder when 54254 is divided by 17773?
935
Calculate the remainder when 71952 is divided by 402.
396
What is the remainder when 7084 is divided by 251?
56
What is the remainder when 123716 is divided by 699?
692
Calculate the remainder when 10435 is divided by 34.
31
What is the remainder when 4753 is divided by 10?
3
What is the remainder when 1404 is divided by 279?
9
Calculate the remainder when 530917 is divided by 53091.
7
What is the remainder when 615539 is divided by 15?
14
What is the remainder when 7243 is divided by 149?
91
Calculate the remainder when 31148 is divided by 2395.
13
What is the remainder when 21373 is divided by 1526?
9
What is the remainder when 497 is divided by 104?
81
Calculate the remainder when 13857 is divided by 60.
57
Calculate the remainder when 5154 is divided by 469.
464
What is the remainder when 3317 is divided by 303?
287
Calculate the remainder when 20631 is divided by 317.
26
Calculate the remainder when 177056 is divided by 83.
17
What is the remainder when 94276 is divided by 18?
10
Calculate the remainder when 3158 is divided by 82.
42
Calculate the remainder when 104855 is divided by 567.
527
Calculate the remainder when 2189 is divided by 343.
131
What is the remainder when 112788 is divided by 9399?
0
What is the remainder when 62025 is divided by 3099?
45
What is the remainder when 1807 is divided by 309?
262
Calculate the remainder when 2333 is divided by 389.
388
What is the remainder when 474796 is divided by 26?
10
Calculate the remainder when 2012 is divided by 323.
74
Calculate the remainder when 51763 is divided by 1439.
1398
What is the remainder when 22377 is divided by 61?
51
Calculate the remainder when 341283 is divided by 54.
3
What is the remainder when 6896 is divided by 314?
302
What is the remainder when 15353 is divided by 3836?
9
Calculate the remainder when 39702 is divided by 29.
1
Calculate the remainder when 856 is divided by 258.
82
Calculate the remainder when 11091 is divided by 5538.
15
Calculate the remainder when 210621 is divided by 8.
5
What is the remainder when 1703581 is divided by 16?
13
What is the remainder when 3004 is divided by 2987?
17
Calculate the remainder when 499 is divided by 115.
39
What is the remainder when 716855 is divided by 753?
752
Ca